ate the highest common divisor of 236 and i.
59
Let i(u) = -2*u**2 - u - 2. Let w be i(-2). Let m(o) = -18*o + 2. Let z be m(w). Suppose 4*x - z = 366. What is the greatest common divisor of 16 and x?
16
Let f be 5/(1*-2*(-3)/42). Calculate the greatest common factor of 189 and f.
7
Let t(f) = -f**2 - 7*f + 2. Let x be t(-5). Let k = 208 - 141. Let i = k - 43. Calculate the greatest common factor of i and x.
12
Suppose -7*n = -2*n - 680. Suppose -2*j + 144 = -n. What is the highest common divisor of j and 14?
14
Let y(d) = 14*d + 7. Let k be y(2). Calculate the greatest common factor of 10 and k.
5
Let m = -83 - -183. Let j(v) = -14*v**2 + 64*v + 80. Let t be j(5). What is the highest common factor of t and m?
50
Suppose 2*x + 2*w - 18 = -0*x, 0 = 2*x - 2*w + 2. Suppose -i + 3*i - 5*b = 49, 4*i = -x*b + 56. What is the greatest common divisor of 187 and i?
17
Let v = -8 - -11. Suppose -v*l + 2 = -16. Suppose -5*k = 5, 0 = s - k + l*k - 6. Calculate the highest common divisor of 99 and s.
11
Let k(y) = 91*y**2 - y. Let c be k(-1). Let n = c + 12. Calculate the highest common factor of n and 13.
13
Let k(b) = -10*b**3 - 5*b**2 - 7*b - 4. Let h be k(-4). What is the highest common divisor of h and 8?
8
Let u = -120 - -328. What is the highest common divisor of u and 156?
52
Let b be (-5 + 56)/(1 - 0). Let d = 31 + b. Suppose -4*l + 106 + d = 2*j, 5*l - 4*j - 248 = 0. What is the greatest common factor of 12 and l?
12
Let t be 2 + (-10 - -161)*(-1 + 2). Calculate the greatest common factor of t and 9.
9
Let r(j) = j**2 + 9*j - 10. Let t be r(5). Calculate the highest common divisor of 4 and t.
4
Let j = 26 + -24. Let v be (j - 1) + 15 + -2. What is the highest common factor of v and 112?
14
Let b(j) = 797*j**2 - 2*j - 4. Let r be b(-1). Calculate the greatest common divisor of r and 106.
53
Let l be ((-4)/12 + 8)*18. Calculate the highest common divisor of l and 18.
6
Let c = 144 - -61. Suppose -c = -2*r + 35. Suppose 0 = -b - 3*b + r. Calculate the greatest common factor of 12 and b.
6
Let c be 1/2*(-12)/(-2). Suppose d - 12 = -c*d. What is the highest common divisor of d and 6?
3
Let a = 2331 + -999. Suppose -6*g = -2*g, -4*q + a = -5*g. What is the greatest common divisor of 37 and q?
37
Let r be 2/4 - ((-846)/(-12))/(-3). Let h be (-18)/r + 54/8. Calculate the greatest common divisor of 6 and h.
6
Let p be -5*(16/(-20) - 2). Suppose 4*c - 20 = 0, 2*c - 16 = 4*t - 2*c. Let d = t - -41. What is the highest common factor of d and p?
14
Let t(v) = -v**3 - 20*v**2 - 6*v + 13. Let o be t(-20). Suppose 57 + o = 10*a. Calculate the highest common divisor of a and 209.
19
Suppose -251*v - 350 = -252*v. Calculate the greatest common divisor of v and 200.
50
Let z = -100 + 235. Suppose 4*b - z = 225. Let p = 126 - b. What is the greatest common factor of 24 and p?
12
Suppose t = -4*r + 1155, -4*r + 545 = 5*t - 622. Let c(z) = z**3 + 63*z**2 + 60*z - 92. Let w be c(-62). What is the greatest common divisor of w and r?
32
Suppose 3*a = -5*j + 297, -4 = 3*j + 5. What is the greatest common factor of a and 728?
104
Let t be 132 + ((-1)/(-1))/1. Let z be (2 + 74)/(64/16). Calculate the highest common divisor of t and z.
19
Let k(t) = -7 + 5*t - 4*t + t. Let m be k(8). Let r(y) = -104*y - 1031. Let v be r(-10). Calculate the greatest common divisor of v and m.
9
Suppose -2*b + d = -41, 3*d = d - 6. Suppose -2*h - b = -3*j, 4*j - 3*h = 8*j - 31. Calculate the greatest common divisor of j and 14.
7
Let g(d) = -6*d - 31. Let x be g(-7). Suppose v + 8 - x = 0. Suppose 21 = 2*f - 2*u - 33, 3*u = -3*f + 99. Calculate the greatest common factor of v and f.
3
Suppose -2212 = 4*z - 18*z. Let q = z - 148. Let h be 1/(3/2)*45. What is the greatest common divisor of q and h?
10
Suppose 27*m + 3146 = 15242. What is the highest common divisor of m and 192?
64
Let q(w) = -15*w + 24. Let x be q(9). Let d = -73 - x. Calculate the highest common factor of 19 and d.
19
Suppose 0 = 5*j - 24 + 9. Let b(s) = s**2 - 9*s + 41. Let q be b(7). Calculate the highest common divisor of j and q.
3
Suppose w = 121 + 124. Suppose 0*k + w = k. Suppose -2*n = f - 243, 5*n - k = 3*n - 3*f. Calculate the highest common divisor of 11 and n.
11
Let x(o) = o**2 + 11*o + 12. Let k be x(-10). Let q be 3 + 6 + -2 + -5. Calculate the greatest common divisor of q and k.
2
Suppose -11 - 4 = -4*u - 3*i, -u - 2*i + 5 = 0. Suppose -4*f = -u*m - 66, 2*m - 3 - 1 = 0. Calculate the greatest common factor of f and 90.
18
Let z(r) = 71*r - 3*r**3 + 2 + 16*r**2 + 4*r**3 - 58*r. Let b be z(-15). What is the highest common factor of b and 16?
16
Suppose -7*i + 1029 - 294 = 0. Let s(r) = r - 3*r + 0*r + 1. Let d be s(-7). What is the highest common divisor of i and d?
15
Let a = -2 - -42. Suppose -3*s - a = -46. What is the greatest common divisor of s and 6?
2
Suppose -9*z = -13 - 14. Suppose -z*d = 3*d - 108. What is the greatest common factor of 126 and d?
18
Let y = 10 + -3. Suppose -4*h - 2*k + 3*k = -5, -2*k + 16 = 5*h. Suppose -7 = h*p + 1, 0 = w - p - 53. Calculate the highest common divisor of y and w.
7
Let x = -275 - -309. Suppose z = 3*a - 91 - 315, 5*z - 690 = -5*a. Calculate the greatest common factor of a and x.
34
Suppose 5*w - 98 = -4*g - 393, 5*w = 4*g + 345. Let v be (-4)/10 - 432/g. Calculate the highest common divisor of 25 and v.
5
Let p(f) = -f**3 + 29*f**2 + 4*f + 4. Let h be p(29). What is the highest common divisor of 30 and h?
30
Suppose -2*c - 50 - 23 = -5*r, -4*c = -5*r + 71. Let v be r*5/(-60)*-4. Calculate the highest common factor of 15 and v.
5
Let a(o) = -o**3 + 5*o**2 - 4*o - 4. Let l be a(3). Suppose 64 = l*c - 28. What is the greatest common factor of 23 and c?
23
Suppose j = 4, -5*u + 26*j - 23*j = -313. Calculate the highest common divisor of u and 585.
65
Let i be 2/(-2) - (1 - 8). Let g = -36 - -4. Let b = -30 - g. Calculate the highest common factor of i and b.
2
Suppose 21*w - 241 = -52. Let h be (1 + 6 + 2)/1. Calculate the highest common divisor of h and w.
9
Suppose -5*s + 2 + 8 = 0. Suppose 0*v + s*v = 162. Let h be 6*((-94)/(-20) - 5)*-5. What is the highest common factor of h and v?
9
Let r = 4 - 16. Let f be (-4)/(-12) + (-44)/r. What is the greatest common factor of 1 and f?
1
Let i = 9 + -7. Let t(x) = -8*x. Let k be t(-1). What is the highest common factor of i and k?
2
Let j(f) = 5*f**2 + 2*f + 5. Let v be j(-4). Let r = 23 - 21. Let d be 1*(r + -16)/(-2). Calculate the greatest common divisor of d and v.
7
Let h = 1278 - 823. Calculate the greatest common divisor of h and 105.
35
Let y(w) = -6*w + 19*w**2 + 5*w - 2 + 3*w. Let d(c) = -8*c + 198. Let q be d(25). Let r be y(q). Calculate the highest common divisor of r and 14.
14
Let j be (-738)/(-7) - 51/119. Suppose 95*h - 42 = 93*h. Calculate the greatest common factor of h and j.
21
Let f(t) = -65*t - 47. Let h be f(-3). What is the greatest common factor of 259 and h?
37
Let v be -2 + 1 + 0 - (-50)/2. Let g(a) = 2*a - 5. Let x be g(4). What is the highest common divisor of v and x?
3
Let o(g) = -g**2 + 10*g - 7. Suppose -7*x + 3 + 39 = 0. Let j be o(x). Calculate the highest common factor of 187 and j.
17
Let w = 699 - 454. What is the greatest common factor of 140 and w?
35
Suppose -u + 43 = 5*r, -4*u = -4*r + r - 80. Let f = 336 + -83. What is the highest common divisor of u and f?
23
Let z(q) be the third derivative of 0 + 0*q + 5/24*q**4 + 4/3*q**3 - 6*q**2. Let c be z(4). What is the highest common divisor of 7 and c?
7
Suppose 3*d - 61 = -6*q + q, 3*q - 3*d - 51 = 0. Let r(z) = -z**2 + 14*z + 10. Let o be r(q). Let w = 12 - -88. What is the greatest common factor of o and w?
10
Suppose u - 7 = -2*h, -4*u + 3*h = -60 - 23. Let n(g) = 2*g**3 + 42*g**2 + 5*g + 224. Let l be n(-21). Calculate the greatest common divisor of l and u.
17
Let h(n) = -n**2 + 27*n + 93. Let w be h(30). Calculate the highest common divisor of w and 672.
3
Let s = 18 + -16. Suppose 3 = 5*d - s. Let w(p) = 7*p**2 + 3*p - 2. Let b be w(d). What is the highest common divisor of b and 1?
1
Let c = 1 + 6. Let z be 26/c + (-4)/(-14). Suppose 17*b - 180 = 12*b + q, 3*q = 3*b - 108. Calculate the greatest common factor of b and z.
4
Suppose 12 = 2*t - 3*k, 0 = -4*t - 0*t + 3*k + 12. Suppose t = 3*d + 2*y - 6, d - 2*d = 3*y - 2. What is